d 498.
249
Calculate the highest common factor of 6552 and 33768.
504
Calculate the greatest common divisor of 460 and 5221.
23
Calculate the greatest common factor of 869432 and 48.
8
Calculate the greatest common divisor of 86 and 130514.
2
Calculate the greatest common divisor of 108 and 104490.
54
What is the highest common factor of 320 and 290?
10
Calculate the highest common divisor of 170270 and 90.
10
Calculate the greatest common divisor of 118656 and 640.
128
Calculate the greatest common factor of 49841 and 2.
1
Calculate the greatest common factor of 134 and 15084.
2
What is the highest common divisor of 47 and 284209?
47
What is the greatest common factor of 3735 and 1253466?
747
Calculate the greatest common divisor of 74490 and 56.
2
What is the highest common factor of 72 and 8523?
9
What is the highest common factor of 167868 and 276?
12
What is the greatest common factor of 103662 and 117?
117
What is the greatest common divisor of 1 and 552611?
1
Calculate the greatest common divisor of 211 and 106.
1
What is the greatest common divisor of 72 and 4104?
72
Calculate the highest common divisor of 5610 and 19261.
187
Calculate the highest common factor of 77 and 150568.
11
What is the highest common factor of 18 and 48492?
18
Calculate the highest common factor of 63 and 941.
1
What is the greatest common divisor of 38 and 133646?
38
What is the highest common factor of 869 and 24964?
79
Calculate the highest common divisor of 3213 and 6279.
21
Calculate the greatest common divisor of 24 and 437316.
12
What is the greatest common factor of 192850 and 133?
133
Calculate the highest common factor of 80 and 236240.
80
What is the greatest common factor of 10129 and 849389?
1447
Calculate the highest common factor of 4137 and 2044.
7
Calculate the greatest common factor of 789 and 416329.
263
Calculate the greatest common divisor of 8570 and 50.
10
What is the highest common divisor of 3634 and 22910?
158
Calculate the highest common factor of 128480 and 1056.
352
What is the greatest common divisor of 59675 and 70?
35
Calculate the greatest common factor of 785364 and 36.
12
What is the highest common divisor of 1483520 and 5?
5
What is the highest common divisor of 66414 and 6?
6
Calculate the highest common factor of 4303 and 37734.
331
What is the highest common factor of 1341 and 121137?
447
What is the highest common factor of 15080 and 3944?
232
Calculate the highest common factor of 1071 and 14841.
153
What is the highest common divisor of 213 and 181689?
213
Calculate the greatest common divisor of 154372 and 52.
4
What is the greatest common divisor of 1194 and 1?
1
What is the highest common factor of 598 and 33074?
46
Calculate the highest common divisor of 102009 and 111.
111
What is the highest common factor of 42807 and 855?
57
Calculate the highest common factor of 3752 and 185255.
469
What is the highest common factor of 31834 and 88?
22
What is the highest common divisor of 12707 and 655?
131
What is the greatest common divisor of 1398 and 28892?
466
What is the highest common factor of 336 and 77136?
48
Calculate the greatest common divisor of 204 and 66606.
102
Calculate the highest common divisor of 208 and 151112.
104
Calculate the highest common divisor of 76734 and 1029.
147
Calculate the highest common factor of 1988 and 42316.
284
What is the highest common factor of 7 and 69587?
7
Calculate the highest common factor of 40 and 285080.
40
Calculate the highest common factor of 38 and 907326.
38
Calculate the greatest common factor of 2008395 and 1458.
729
Calculate the greatest common factor of 91899 and 9.
9
Calculate the highest common divisor of 1524 and 747268.
508
Calculate the highest common factor of 78218 and 37.
37
Calculate the greatest common divisor of 351 and 1911.
39
Calculate the greatest common divisor of 1239 and 1575.
21
Calculate the highest common factor of 201 and 113029.
67
Calculate the greatest common factor of 13480 and 52.
4
What is the greatest common divisor of 190 and 25403?
19
What is the greatest common factor of 315 and 13020?
105
Calculate the greatest common factor of 279 and 1568507.
31
Calculate the greatest common factor of 14 and 199759.
7
Calculate the highest common factor of 659 and 1833997.
659
Calculate the highest common divisor of 19562 and 8.
2
What is the highest common factor of 53992 and 72?
8
Calculate the highest common divisor of 28010 and 610.
10
What is the greatest common divisor of 8184 and 4488?
264
What is the greatest common divisor of 1909 and 23323?
83
What is the greatest common factor of 1042397 and 38?
19
What is the highest common divisor of 8120 and 1120?
280
Calculate the highest common divisor of 147578 and 226.
226
What is the greatest common divisor of 5713 and 60085?
197
What is the highest common divisor of 113 and 37403?
113
What is the greatest common divisor of 192 and 1499088?
48
What is the greatest common divisor of 160 and 50410?
10
What is the greatest common divisor of 87867 and 1989?
117
What is the greatest common divisor of 11006310 and 1020?
510
What is the highest common factor of 28 and 626276?
28
Calculate the greatest common factor of 109436 and 18748.
436
What is the highest common factor of 1051468 and 759?
253
Calculate the greatest common factor of 223234 and 363.
11
What is the greatest common divisor of 50 and 2075?
25
Calculate the highest common divisor of 20 and 221140.
20
What is the greatest common factor of 2765 and 237?
79
Calculate the greatest common factor of 3509 and 275.
11
What is the highest common divisor of 216 and 1845288?
216
What is the greatest common divisor of 11445 and 5232?
327
Calculate the highest common divisor of 88 and 836.
44
Calculate the greatest common divisor of 84587 and 37744.
337
What is the greatest common factor of 1530555 and 585?
195
What is the greatest common divisor of 403 and 241583?
31
Calculate the greatest common factor of 4109 and 329.
7
What is the greatest common factor of 7618192 and 64?
16
Calculate the greatest common factor of 6 and 2122.
2
What is the greatest common divisor of 4996589 and 598?
299
What is the greatest common factor of 52884 and 72?
36
What is the highest common divisor of 34932 and 6?
6
What is the highest common divisor of 64056 and 160?
8
Calculate the greatest common divisor of 4 and 5346.
2
What is the highest common factor of 1421 and 239540?
203
What is the highest common factor of 217 and 257362?
217
Calculate the greatest common factor of 468261 and 4428.
1107
What is the highest common factor of 495 and 26910?
45
Calculate the highest common factor of 88 and 41668.
44
What is the highest common factor of 16 and 221168?
16
What is the greatest common divisor of 74059 and 93?
31
Calculate the greatest common divisor of 302454 and 288.
18
Calculate the highest common factor of 741 and 9674743.
247
Calculate the greatest common divisor of 1764 and 6372.
36
Calculate the highest common divisor of 4598 and 198.
22
Calculate the highest common factor of 4710 and 1620.
30
Calculate the highest common divisor of 25113 and 264.
33
Calculate the greatest common divisor of 53563 and 29.
29
Calculate the greatest common divisor of 112 and 106576.
16
Calculate the greatest common divisor of 134772 and 396.
132
What is the greatest common divisor of 296 and 31709?
37
What is the highest common factor of 1668 and 489836?
556
What is the greatest common divisor of 23520 and 140728?
392
What is the greatest common divisor of 2928 and 1443870?
366
What is the greatest common divisor of 84 and 5824?
28
What is the greatest common factor of 777 and 35483?
259
Calculate the greatest common factor of 1178 and 1674.
62
Calculate the greatest common divisor of 124 and 286564.
124
Calculate the greatest common factor of 989329 and 77.
11
What is the greatest common factor of 10363 and 2169?
241
What is the greatest common factor of 7164 and 616900?
796
What is the highest common factor of 348952 and 1272?
424
What is the greatest common factor of 91775 and 25?
25
Calculate the greatest common factor of 829447 and 34.
17
Calculate the highest common divisor of 177 and 306.
3
Calculate the highest common divisor of 48297 and 102.
51
Calculate the greates